.
2, 3, 7, 241, 719
What are the prime factors of 1532237?
7, 23, 31, 307
What are the prime factors of 6028971?
3, 13, 154589
What are the prime factors of 614680?
2, 5, 11, 127
What are the prime factors of 4165607?
4165607
List the prime factors of 32231675.
5, 7, 184181
List the prime factors of 21678215.
5, 13, 359, 929
List the prime factors of 76488.
2, 3, 3187
List the prime factors of 13626073.
233, 58481
What are the prime factors of 630002?
2, 19, 59, 281
What are the prime factors of 367068?
2, 3, 13, 181
List the prime factors of 136037.
11, 83, 149
What are the prime factors of 460030?
2, 5, 179, 257
What are the prime factors of 162101?
173, 937
List the prime factors of 1791749.
17, 105397
List the prime factors of 627047.
619, 1013
What are the prime factors of 97424?
2, 6089
What are the prime factors of 2666727?
3, 7, 6047
List the prime factors of 7803.
3, 17
List the prime factors of 6829181.
29, 235489
What are the prime factors of 20684838?
2, 3, 487, 7079
List the prime factors of 22590.
2, 3, 5, 251
List the prime factors of 1046635.
5, 209327
List the prime factors of 1636209.
3, 29, 6269
What are the prime factors of 768606?
2, 3, 53, 2417
What are the prime factors of 454631?
17, 47, 569
List the prime factors of 1096245.
3, 5, 17, 1433
List the prime factors of 1177124.
2, 13, 22637
List the prime factors of 1285686.
2, 3, 29, 821
What are the prime factors of 4036158?
2, 3, 7, 103, 311
List the prime factors of 4242156.
2, 3, 337, 1049
What are the prime factors of 8071317?
3, 53, 16921
What are the prime factors of 606811?
606811
What are the prime factors of 5664517?
641, 8837
What are the prime factors of 15755?
5, 23, 137
What are the prime factors of 6231284?
2, 563, 2767
List the prime factors of 531019.
29, 18311
List the prime factors of 2468285.
5, 493657
What are the prime factors of 6695838?
2, 3, 123997
What are the prime factors of 7923653?
43, 184271
List the prime factors of 190887.
3, 63629
List the prime factors of 854849.
854849
What are the prime factors of 15661?
15661
List the prime factors of 284769.
3, 53, 199
What are the prime factors of 1073913?
3, 41, 8731
What are the prime factors of 108551?
73, 1487
What are the prime factors of 15328937?
13, 1179149
List the prime factors of 36820207.
997, 36931
What are the prime factors of 864399?
3, 17, 997
What are the prime factors of 565771?
565771
What are the prime factors of 4574731?
7, 227, 2879
What are the prime factors of 11678590?
2, 5, 7, 11, 29, 523
What are the prime factors of 4815521?
59, 81619
What are the prime factors of 71686?
2, 73, 491
What are the prime factors of 14840665?
5, 7, 424019
List the prime factors of 238994.
2, 7, 43, 397
What are the prime factors of 5147517?
3, 509, 3371
List the prime factors of 350311.
13, 26947
List the prime factors of 1906114.
2, 7, 173, 787
What are the prime factors of 14252430?
2, 3, 5, 475081
What are the prime factors of 5115862?
2, 2557931
What are the prime factors of 65845?
5, 13, 1013
List the prime factors of 42380.
2, 5, 13, 163
What are the prime factors of 134712?
2, 3, 1871
What are the prime factors of 26486?
2, 17, 19, 41
What are the prime factors of 268593?
3, 13, 71, 97
What are the prime factors of 168542?
2, 11, 47, 163
What are the prime factors of 787282?
2, 41, 9601
List the prime factors of 593535.
3, 5, 39569
List the prime factors of 2187569.
131, 16699
List the prime factors of 1076989.
89, 12101
What are the prime factors of 10537444?
2, 127, 20743
List the prime factors of 7071619.
7071619
What are the prime factors of 7547555?
5, 1049, 1439
List the prime factors of 7494988.
2, 797, 2351
List the prime factors of 183886.
2, 91943
List the prime factors of 33390.
2, 3, 5, 7, 53
List the prime factors of 533604.
2, 3, 53, 839
What are the prime factors of 7893708?
2, 3, 657809
What are the prime factors of 63670?
2, 5, 6367
List the prime factors of 3063828.
2, 3, 131, 1949
What are the prime factors of 194616?
2, 3, 17, 53
List the prime factors of 186483.
3, 11, 5651
List the prime factors of 2999136.
2, 3, 7, 4463
What are the prime factors of 304183?
11, 27653
List the prime factors of 222372.
2, 3, 29, 71
What are the prime factors of 987124?
2, 246781
What are the prime factors of 1801169?
307, 5867
What are the prime factors of 660338?
2, 7, 101, 467
List the prime factors of 448165.
5, 89633
List the prime factors of 228181.
228181
What are the prime factors of 2096485?
5, 419297
List the prime factors of 1205851.
41, 29411
List the prime factors of 1178185.
5, 17, 83, 167
What are the prime factors of 9301701?
3, 479, 6473
What are the prime factors of 12536906?
2, 67, 93559
What are the prime factors of 1683228?
2, 3, 140269
What are the prime factors of 612321?
3, 204107
What are the prime factors of 343306?
2, 171653
List the prime factors of 479715.
3, 5, 31981
List the prime factors of 1673398.
2, 836699
List the prime factors of 279748.
2, 7, 97, 103
List the prime factors of 9066715.
5, 7, 23, 1609
What are the prime factors of 707011?
707011
What are the prime factors of 2754850?
2, 5, 7, 17, 463
What are the prime factors of 13731791?
31, 442961
List the prime factors of 111850.
2, 5, 2237
What are the prime factors of 149047?
113, 1319
List the prime factors of 761928.
2, 3, 53, 599
What are the prime factors of 5917698?
2, 3, 36529
List the prime factors of 28630281.
3, 59, 161753
What are the prime factors of 350478?
2, 3, 19471
List the prime factors of 2600635.
5, 107, 4861
What are the prime factors of 2173857?
3, 7, 61, 1697
List the prime factors of 14801684.
2, 19, 59, 3301
What are the prime factors of 684436?
2, 139, 1231
What are the prime factors of 2896147?
2896147
What are the prime factors of 5982434?
2, 2991217
What are the prime factors of 51991?
51991
What are the prime factors of 744840?
2, 3, 5, 2069
List the prime factors of 26020475.
5, 13, 23, 59
List the prime factors of 137828.
2, 34457
List the prime factors of 18346358.
2, 31, 295909
List the prime factors of 22919021.
37, 101, 6133
What are the prime factors of 4115629?
7, 587947
List the prime factors of 2160787.
2160787
List the prime factors of 24461628.
2, 3, 149, 13681
List the prime factors of 6078824.
2, 41, 43, 431
List the prime factors of 9203565.
3, 5, 7, 23, 37, 103
What are the prime factors of 2730361?
673, 4057
What are the prime factors of 1138569?
3, 23, 29, 569
List the prime factors of 332436.
2, 3, 13, 2131
List the prime factors of 261107.
7, 11, 3391
List the prime factors of 8683996.
2, 79, 27481
What are the prime factors of 1003451?
281, 3571
What are the prime factors of 2071231?
881, 2351
What are the prime factors of 251579?
19, 13241
List the prime factors of 13994269.
29, 59, 8179
What are the prime factors of 3915066?
2, 3, 17, 131, 293
List the prime factors of 189247.
97, 1951
What are the prime factors of 16629599?
7, 1229, 1933
List the prime factors of 32922831.
3, 929, 11813
What are the prime factors of 6643911?
3, 2214637
List the prime factors of 94299.
3, 17, 43
List the prime factors of 824413.
824413
What are the prime factors of 439241?
11, 73, 547
List the prime factors of 2318995.
5, 7, 59, 1123
What are the prime factors of 7264752?
2, 3, 11, 13759
What are the prime factors of 244755?
3, 5, 7, 37
List the prime factors of 70028.
2, 7, 41, 61
List the prime factors of 125992.
2, 15749
List the prime factors of 70001.
70001
List the prime factors of 2020666.
2, 113, 8941
List the prime factors of 203554.
2, 13, 7829
List the prime factors of 17671222.
2, 23, 384157
List the prime factors of 17024949.
3, 1891661
What are the prime factors of 16912969?
1289, 13121
What are the prime factors of 39004155?
3, 5, 866759
What are the prime factors of 12662828?
2, 3165707
List the prime factors of 31713023.
31713023
What are the prime factors of 16344075?
3, 5, 11, 1801
What are the prime factors of 10023?
3, 13, 257
What are the prime factors of 11002207?
11002207
What are the prime factors of 5686100?
2, 5, 7, 8123
What are the prime factors of 4222809?
3, 47, 67, 149
What are the prime factors of 551197?
551197
What are the prime factors of 12577327?
7, 1796761
What are the prime factors of 4976326?
2, 23, 251, 431
List